315671 a prime number?
True
Is 163065517 a prime number?
True
Is 25375741 a composite number?
False
Is 72509647 a prime number?
False
Is 10281467 prime?
False
Is 3505597 composite?
False
Is 147417 a composite number?
True
Is 3569729 prime?
False
Is 3798617 composite?
True
Is 1644751 prime?
True
Is 1436203 a prime number?
True
Is 59576617 prime?
True
Is 1720949 a composite number?
False
Is 2814463 prime?
False
Is 17050819 composite?
False
Is 116213095 composite?
True
Is 1694633 composite?
True
Is 1226059 composite?
True
Is 3900989 a composite number?
False
Is 16501427 prime?
True
Is 428120669 a prime number?
True
Is 227622763 a prime number?
True
Is 2333059 a prime number?
True
Is 237241963 prime?
False
Is 1489535 prime?
False
Is 338659 a prime number?
True
Is 6352397 a composite number?
True
Is 28168247 prime?
False
Is 125311 a composite number?
False
Is 49851119 composite?
False
Is 1576633 composite?
True
Is 16827233 composite?
True
Is 37466339 a composite number?
False
Is 204233605 a composite number?
True
Is 5103079 composite?
True
Is 57561589 a composite number?
False
Is 4494337 prime?
False
Is 5612801 prime?
True
Is 5575897 composite?
True
Is 156329599 a composite number?
False
Is 575837 a composite number?
False
Is 16806899 prime?
False
Is 29376973 a composite number?
True
Is 1012841 composite?
True
Is 192893777 a composite number?
False
Is 161233073 a prime number?
True
Is 826907 a composite number?
False
Is 6247609 a composite number?
False
Is 522131 composite?
True
Is 19923851 composite?
False
Is 185226353 a prime number?
False
Is 11757539 a prime number?
True
Is 107982733 a prime number?
False
Is 183773 prime?
False
Is 16327169 prime?
True
Is 54717659 composite?
True
Is 7331417 a composite number?
True
Is 7828358 prime?
False
Is 7207927 composite?
True
Is 9805298 a prime number?
False
Is 5351729 composite?
False
Is 77253311 composite?
True
Is 28831997 a composite number?
False
Is 1886919 prime?
False
Is 37821921 a composite number?
True
Is 33670423 composite?
True
Is 2133979 a prime number?
False
Is 625725839 composite?
False
Is 467392582 composite?
True
Is 717583 a composite number?
True
Is 76263235 prime?
False
Is 19015457 a composite number?
True
Is 14898523 a composite number?
False
Is 1815721 prime?
False
Is 5243801 prime?
True
Is 7415195 prime?
False
Is 154669379 a prime number?
True
Is 462095693 prime?
False
Is 400871 a composite number?
False
Is 132709597 prime?
False
Is 26038667 prime?
False
Is 11547061 a composite number?
True
Is 1767569 composite?
False
Is 23607167 a composite number?
False
Is 73498153 composite?
False
Is 10588115 prime?
False
Is 1438669 a prime number?
False
Is 33393617 a composite number?
False
Is 9941261 a composite number?
True
Is 4395379 a composite number?
False
Is 273820009 composite?
False
Is 61888823 a prime number?
False
Is 56747293 a prime number?
True
Is 1823611 a prime number?
False
Is 37806647 prime?
True
Is 525781835 a prime number?
False
Is 190558307 a prime number?
True
Is 15789035 prime?
False
Is 7495615 prime?
False
Is 9610787 a prime number?
False
Is 2098423 prime?
True
Is 471592963 a prime number?
True
Is 1487867 a composite number?
False
Is 160026569 a prime number?
False
Is 15845483 prime?
True
Is 13713127 prime?
False
Is 7862591 a composite number?
True
Is 7659035 composite?
True
Is 28495303 a prime number?
True
Is 6131821 prime?
True
Is 42663697 composite?
True
Is 133858427 composite?
False
Is 1334233 a prime number?
True
Is 560003 a prime number?
False
Is 112322209 composite?
False
Is 507641 a composite number?
False
Is 308431 a composite number?
True
Is 70800529 a prime number?
False
Is 8878997 a composite number?
False
Is 20816489 prime?
True
Is 889997 a composite number?
False
Is 17229467 a composite number?
True
Is 1931449 composite?
True
Is 310421051 a composite number?
True
Is 2664127 a prime number?
True
Is 29028319 a prime number?
True
Is 42449079 composite?
True
Is 6304821 a composite number?
True
Is 12623903 a composite number?
True
Is 81750163 a composite number?
True
Is 4877161 prime?
True
Is 161909981 a prime number?
False
Is 434428823 composite?
True
Is 486121 prime?
False
Is 1299491 prime?
True
Is 1308183 a prime number?
False
Is 13270601 prime?
True
Is 4900877 composite?
False
Is 392955369 a prime number?
False
Is 65179 a prime number?
True
Is 606689711 composite?
False
Is 18719689 a composite number?
False
Is 321799 a prime number?
True
Is 17054021 a prime number?
True
Is 2962805 a composite number?
True
Is 73907 a prime number?
True
Is 6194663 composite?
False
Is 106385551 a prime number?
True
Is 3352589 a prime number?
False
Is 224087 a prime number?
False
Is 77158219 a prime number?
True
Is 345312691 composite?
False
Is 15281041 a prime number?
True
Is 34037543 composite?
False
Is 250243303 composite?
True
Is 643453 a composite number?
False
Is 726652057 prime?
True
Is 1368881 composite?
True
Is 10876121 a prime number?
True
Is 449077 prime?
True
Is 743251 a composite number?
False
Is 17887522 a composite number?
True
Is 20995733 composite?
True
Is 33967447 composite?
False
Is 438547 a composite number?
True
Is 692957 composite?
False
Is 4160441 composite?
True
Is 4573757 prime?
False
Is 112799611 composite?
True
Is 137116019 a prime number?
False
Is 31913747 prime?
True
Is 350388499 composite?
True
Is 930011 a composite number?
False
Is 42903833 a composite number?
True
Is 11078147 composite?
True
Is 545765723 composite?
True
Is 15561185 prime?
False
Is 95936249 a prime number?
False
Is 1003597163 a composite number?
False
Is 6229583 a composite number?
False
Is 494669 prime?
False
Is 78012713 prime?
True
Is 14262071 a composite number?
True
Is 97283 a composite number?
False
Is 2533939 a composite number?
False
Is 3341774 prime?
False
Is 4660769 composite?
False
Is 343219 prime?
True
Is 11915569 prime?
False
Is 3301457 composite?
True
Is 164017 composite?
True
Is 128002543 prime?
True
Is 270184697 prime?
True
Is 691293 prime?
False
Is 727792573 a composite number?
False
Is 129981287 composite?
False
Is 6210377 a prime number?
True
Is 23993911 prime?
True
Is 3266789 prime?
False
Is 59175409 a prime number?
True
Is 1113643 a prime number?
True
Is 3531559 composite?
False
Is 29052091 a composite number?
True
Is 7932193 a prime number?
True
Is 78422437 a prime number?
True
Is 3809569 a composite number?
True
Is 54901679 prime?
False
Is 158457617 a prime number?
True
Is 38011793 prime?
True
Is 93248951 composite?
True
Is 29155913 composite?
False
Is 270037133 prime?
False
Is 2232577 prime?
False
Is 40787741 composite?
False
Is 59263579 composite?
False
Is 440837587 prime?
False
Is 152937881 a prime number?
True
Is 1217561 a prime number?
True
Is 630326429 a composite number?
True
Is 238911385 a composite number?
True
Is 28482017 prime?
False
Is 713844283 prime?
False
Is 2989099 prime?
False
Is 445139 composite?
True
Is 60619733 a composite number?
False
Is 60428551 a composite number?
False
Is 32920033 composite?
True
Is 292499227 a prime number?
False
Is 3196421 a composite number?
False
Is 16575023 prime?
True
Is 86117927 composite?
True
Is 1517651687 composite?
False
Is 13211817 a composite number?
True
Is 39976481 a prime number?
False
Is 532968013 prime?
True
Is 471749 composite?
False
Is 12638309 composite?
False
Is 36627391 a composite number?
True
Is 6686167 a prime number?
True
Is 2509445 composite?
True
Is 17984653 composite?
True
Is 27187921 prime?
True
Is 20028809 composite?
False
Is 1973519 a composite number?
False
Is 1583959 composite?
True
Is 533279 composite?
True
Is 5544053 a composite number?
True
Is 150653 composite?
True
Is 400742645 composite?
True
Is 794699 composite?
True
Is 37451842 a composite number?
True
Is 1161674 composite?
True
Is 5718887 a prime number?
False
Is 55461737 composite?
False
Is 44559143 prime?
True
Is 149273279 a composite number?
False
Is 349747 a composite number?
True
Is 73770629 a prime number?
True
Is 800801 a composite number?
False
Is 8772139 a prime number?
True
Is 1596990137 a composite number?
False
Is 138735679 prime?
True
Is 63889 composite?
True
Is 10568599 a prime number?
True
Is 1345896191 a prime number?
True
Is 15905017 a composite number?
False
Is 26189807 prime?
False
Is 85045031 a prime number?
